be (1 - 4)*(-4)/12. Let p = 3 + o. Suppose 0 = -t + 5*c + 12, -p*t + 5*c + 0*c + 33 = 0. Is t composite?
False
Is ((-4856)/6 + -2)/(22/(-33)) prime?
True
Suppose -2*k - 4*d - 432 = -4154, 0 = -2*k - 2*d + 3726. Is k composite?
True
Let v(k) = -23*k - 1. Let j be v(7). Let z = j + 281. Is z a prime number?
False
Let v = -3 + 0. Let k = v - -6. Suppose k*p + 30 = 207. Is p prime?
True
Is (2/6)/(30254/15126 - 2) composite?
False
Is 4014 + -3 + -7 + 5 a composite number?
True
Suppose -2719 = -n + 4*v - 280, 4*n + 3*v - 9737 = 0. Suppose -n = -u - 4*u. Is u composite?
False
Let c be 2/2*(3 + -3). Suppose 5*l + c*f = 5*f + 1085, 213 = l - 5*f. Is l a prime number?
False
Let s be (10/3)/((-6)/(-9)). Suppose -s*d + 1895 = 405. Is d a composite number?
True
Is ((-2024)/20 - -1)*-5 a prime number?
False
Let x(k) be the second derivative of 69*k**5/20 + k**3/6 - k**2/2 + 3*k. Is x(1) a composite number?
True
Let j(o) = o**3 + 9*o**2 - 11*o - 7. Let t be j(-10). Is 2/(-6) - (-286)/t prime?
False
Let l = 103 + -55. Let u = -34 + l. Is u composite?
True
Suppose 0 = 6*m - 4*m - 188. Suppose 5*f = 0, -2*l - 4*f + f = -m. Is l prime?
True
Suppose -4*h + 11 = i, 13 + 2 = 5*i. Suppose -68 = -3*o - 5*v, -h*o = 2*o - 3*v - 110. Is o a composite number?
True
Let r be (-3)/(4 + -1) + 0. Let i = 3 + r. Is -1*23/i*-4 composite?
True
Suppose 0 = -3*g + 1110 - 99. Is g composite?
False
Let u(b) be the third derivative of -b**6/60 - b**5/15 + b**4/24 - b**3/2 + 4*b**2. Suppose 0 = -6*t + t - k - 21, 11 = -4*t + 5*k. Is u(t) composite?
True
Let x(h) = -3*h + 4. Let k(i) = -3 + 8*i + 0 - 5*i. Let u(w) = 3*k(w) + 4*x(w). Is u(-10) prime?
True
Let u(i) = 38*i**3 - i**2 + 2. Let z be u(-2). Let c = z - -529. Is c a prime number?
True
Suppose -9*m - 228 = -11*m. Suppose 0 = j - m - 151. Is j prime?
False
Is (-1)/(-3 + 1760/587) a composite number?
False
Let z be 0 + -2 + -12 + 1. Let f = z + 18. Suppose -f = 3*i - 2*i, -5*x - 5*i = -20. Is x a composite number?
True
Let d = -4 + 9. Suppose -d*i + i + 76 = 0. Is i a composite number?
False
Let n = 1491 + -434. Is n composite?
True
Let a = -25 + 117. Suppose 0 = -3*n + a + 37. Is n composite?
False
Suppose -5*j - 955 = -2*w, -w = -2*j - 5 - 474. Is w composite?
True
Let i be (-3)/2*(-12034)/(-33). Let y = i - -187. Is 3*1 + y/(-4) a prime number?
False
Let n(x) = -5*x - 2. Let h(r) = -9*r - 3. Let m(q) = 6*h(q) - 11*n(q). Let g be m(-7). Let f = g - -24. Is f composite?
True
Let s = 3 + -1. Suppose s*h = -0*h + 286. Is h prime?
False
Suppose -2*n - 5*x - 1 = -2, 3*n = -x - 5. Let u = n + 4. Is (-83)/u*(-2)/1 a prime number?
True
Let s be 3/(2 - -1) - 0. Let r = s + 0. Let l(b) = 20*b**2 - 2*b + 1. Is l(r) composite?
False
Suppose 0 = -5*p + 4*p - 3*v + 338, -4*p + 1345 = 5*v. Is p a prime number?
False
Suppose 9 - 45 = -4*p - 4*d, p - 2*d = -3. Let i = p + 90. Suppose 0 = -2*b + 7*b - i. Is b a prime number?
True
Let a(c) = 634*c - 1. Let i be a(1). Suppose -3*r + i = 168. Suppose -5*u + r = -0*u. Is u a prime number?
True
Let p be (-3*3)/((-12)/8). Suppose -4 = f - p. Suppose -46 = f*t - 4*t. Is t a composite number?
False
Let m(g) be the third derivative of -g**5/60 - 5*g**4/12 - g**3 + 3*g**2. Let b be m(-10). Let l = b + 19. Is l composite?
False
Let c(p) be the second derivative of p**6/120 - 5*p**4/24 + p**3/2 - p**2/2 + p. Let d(t) be the first derivative of c(t). Is d(3) composite?
True
Let t(p) = 93*p - 1. Is t(6) composite?
False
Let w(f) = -f**3 + 4*f**2 + 2*f + 5. Let s be w(4). Let a = s - -100. Is a a composite number?
False
Is ((-1)/(-1))/(-6 + 11083/1847) composite?
False
Let v = -2 + 2. Let g be 1 + 1 + v + 0. Let w = g - -17. Is w a prime number?
True
Let f(z) = 3*z**2 + 29*z + 2. Is f(-12) a prime number?
False
Let c(b) = b**3 - 4*b**2 - 4*b + 4. Let z be c(6). Let g = z + 10. Suppose -2*i = -0*i - g. Is i prime?
True
Let z = 91 - 35. Suppose -i = -z + 21. Is i composite?
True
Suppose 4*f = 23 - 3. Suppose -3*j - 4*u = u - 316, f*j = -5*u + 510. Is j composite?
False
Let x be 0*((-10)/(-4) - 2). Suppose x = -l + u + 120, 2*u + 192 + 163 = 3*l. Is l a composite number?
True
Let g = -258 + 497. Is g a prime number?
True
Let y = 112 + 33. Is y a prime number?
False
Let x(b) = -b**3 + 6*b**2 - b + 10. Let t(f) = -2*f**3 + 5*f**2 + 10. Suppose 9 = -5*z + 24. Let s(r) = z*x(r) - 2*t(r). Is s(-8) composite?
True
Suppose 3 = m, -1 + 20 = -k + 5*m. Let x be (-10)/k*(-16)/(-10). Let b = x - -33. Is b prime?
True
Let i be (-4)/(-3)*(-9)/(-3). Suppose 0 = -3*n, -28 = 2*v - i*n - 166. Is v composite?
True
Suppose 9 = 3*w - 3. Suppose -3*q + 88 = -5*j, -4*q = q - w*j - 151. Is q a composite number?
False
Let a = 12 + -9. Suppose -a*h + 451 = 5*f + 19, -2*f + 4*h + 178 = 0. Is f composite?
True
Suppose -3*h = 2*h - 10. Suppose -h*y - 3*y = -10. Is y/3 - (-870)/18 prime?
False
Let g(a) = -4*a**2 - a. Let q be g(8). Is (q/(-10) + 2)*5 a prime number?
False
Let n = -654 - -947. Is n a prime number?
True
Let r(i) = -22*i + 3. Let k = -3 + 0. Let c be r(k). Let b = c + -14. Is b prime?
False
Let w = -92 - -196. Let s(r) = -r**3 - r - 57. Let q be s(0). Let v = q + w. Is v composite?
False
Let v(a) = -2*a**3 - 14*a**2 - 4*a + 9. Let m = -10 - 0. Is v(m) composite?
True
Let q = 6 - 3. Let j(y) = 3*y**2 - y - 2. Is j(q) composite?
True
Suppose -5*w = 3*n + 6 + 18, n + 5*w + 8 = 0. Is (-686)/n - 1/(-4) prime?
False
Suppose 10*o - 5*o - 3550 = 0. Suppose 0 = -s, 5*z - 2*s - o = -6*s. Is z a composite number?
True
Suppose -5511 = -7*t + 3302. Is t a composite number?
False
Suppose -2*s + 112 = -178. Is s a composite number?
True
Let h(q) = -5*q**3 + q**2 + q. Let z be h(-1). Suppose d - z*d = -396. Suppose -d = -3*k + 66. Is k a prime number?
False
Let x(h) = 8*h**2 - 3*h + 1. Is x(-6) a prime number?
True
Suppose -4*j + 389 = -2*j - f, -2*j - 5*f + 383 = 0. Is j composite?
True
Let o(b) = b**3 + 7*b**2 + 3*b - 4. Let h(z) = -3*z + 1. Let q(a) = 5*a - 2. Let w(s) = 7*h(s) + 4*q(s). Let y be w(4). Is o(y) composite?
False
Suppose 2*n - 6*n = h - 23, 5*h - 4*n + 5 = 0. Suppose 2*j - 75 = h. Is j composite?
True
Is (-1)/4 + 1825/20 a prime number?
False
Let o = 0 + -2. Is o*((-93)/(-6))/(-1) a prime number?
True
Suppose -4*j = -u + 1, 3*u + 6*j + 45 = 2*j. Let k = u + 22. Is k prime?
True
Suppose 2*t - 8 + 0 = 0. Is t + (-8)/(-2) + 245 prime?
False
Let m be 3*1 + (6 - 7). Let i = 2 - m. Suppose -a + 11 = -i*a. Is a prime?
True
Let b(j) = -11*j - 13. Is b(-6) composite?
False
Suppose -4*x + 10285 = 2753. Is x prime?
False
Let u(z) = -z**2 - 5*z - 2. Suppose 0*j + 12 = -3*j. Let n be u(j). Is n/(-3) - 46/(-6) a composite number?
False
Let j(m) = -669*m**3 - m - 1. Is j(-1) prime?
False
Let t be -1 - (-1 + -20)/(-1). Let m = t + 55. Is m composite?
True
Let p = 1 - -2. Suppose -8 = b + 3*b + p*g, -2 = b - 5*g. Is 0 - (-298)/(b + 4) a composite number?
False
Suppose 2*o - 48 = -12. Let s = 31 + o. Is s composite?
True
Let b(d) = 3*d**2 - 2. Let p be b(4). Suppose -3*v = -4*l - 162, -v + p = 2*l - 6*l. Is v a prime number?
False
Let a(c) = -3*c + 11. Let s(z) = -z - 1. Let k(q) = a(q) - 2*s(q). Let d be k(9). Suppose 3*o + d - 73 = 0. Is o prime?
True
Suppose 2*c = -q - 0*q + 8, -3*c = -q - 2. Let l(m) = -m + q*m + 1 - 15*m. Is l(-1) prime?
True
Let v = 701 - 450. Is v composite?
False
Suppose 2*n - 7*n = -1115. Is n a prime number?
True
Suppose -5*c + 5 = -2*u, -5*u - 1 = -0*u - c. Suppose u*o + 119 = o. Is o a composite number?
True
Let w be 1/(-4) + (-10134)/(-24). Let i = 759 - w. Is i prime?
True
Suppose 0*h = 5*h + i - 1110, 904 = 4*h + 4*i. Is h prime?
False
Suppose 6*v - 3*v - 3 = 0, 0 = p - 3*v - 874. Is p a composite number?
False
Let g = 10 - 6. Let x(w) be the first derivative of w**4/4 - 3*w**2/2 - 3*w - 1. Is x(g) a prime number?
False
Let x(p) = 3*p**3 + 4*p + 3. Is x(4) a prime number?
True
Let p(m) = m**2 - 9*m + 7. Let o be p(10). Let w = -10 + o. Is w a prime number?
True
Let z = 230 - 85. Is z a prime number?
False
Let z = -231 + 604. Suppose o = 3*k - o - z, 2*o - 135 = -k. Is k prime?
True
Let q be (-4)/(-2 - -4 - 3). Suppose -9 = -q*y + y. Suppose -32 = -y*z + a + 9, 3*z - 53 = -2*a. Is z a composite number?
True
Let v(h) = 3*h - 2. Suppose -5*m + 2*o + 30 = 0, m - 3*o = -0*m - 7. Let l be v(m). Suppose -l - 30 = -2